-h**3 - 6*h**2 + 10*h + 21. Let b be t(-7). Let u = b + -1. Determine d(u).
0
Let g(a) = -a**2 - 20*a - 15. Suppose 5*r - 4*w = -89, 15 + 58 = -4*r + 5*w. Calculate g(r).
36
Let f = -32 + 136. Let d = f + -108. Let y(k) = -k**2 - 5*k + 1. Calculate y(d).
5
Let y(t) = -8*t - 3. Let p(i) = -2*i + 10. Let b be p(7). Let f be b*2*(-15)/(-24). Let o(j) = 15*j + 6. Let q(v) = f*o(v) - 9*y(v). Give q(-2).
3
Suppose 0 = -2*i - 7*g + 4*g + 24, -11 = -i - g. Suppose -i = 3*s - 0. Let k(p) = -p**3 - 4*p**2 + 2. What is k(s)?
-7
Suppose 0*i + 2*i = 14. Let y(x) be the third derivative of x**4/24 - 2*x**3/3 - 23*x**2 - 2. Determine y(i).
3
Let j(v) = 7*v**3 + 18*v**2 - 6*v - 1. Let t(i) = 8*i**3 + 18*i**2 - 7*i - 1. Let u(o) = -7*j(o) + 6*t(o). Determine u(-18).
1
Suppose 0*t + 4*t + 8 = 0. Let h(q) = -4*q**2 + 9*q + 6. Let l(z) = -3*z**2 + 6*z - 4 + 2*z + 9. Let f(u) = t*h(u) + 3*l(u). What is f(5)?
8
Let v = -425 - -430. Let b(t) = -t - 1. What is b(v)?
-6
Let o(r) = -4*r + r**2 + r - 2 - r. Suppose 0*q - 4*z - 17 = q, 0 = -2*q - z + 1. What is o(q)?
-5
Let z(s) = -s**3 + 10*s**2 + 29*s - 419 + 407 + 3*s**2 + 11*s**2 - 37*s**2. What is z(-15)?
3
Suppose 10*a + 66 = 32*a. Let y be (6/15)/((-1)/(-5)). Let c(x) = x + 5*x**y - x**2 + 1 - 2*x**2 - x**a. Determine c(3).
-5
Let s = -11 + 11. Let u be (0/(-4))/(-1 - s). Suppose u = o - 3*o + 10, -4*o + 32 = 4*v. Let q(d) = d**3 - 3*d**2 + 2*d - 4. Determine q(v).
2
Let k(f) be the first derivative of -f**4/4 - 5*f**3/3 + 2*f**2 + 4*f - 122. Determine k(-6).
16
Let p(a) = 8*a. Suppose -3*t = -v - 8 + 1, 1 = -v. Give p(t).
16
Let c(h) = -h - 2. Let p be c(-4). Let j(q) be the third derivative of q**6/60 + q**5/60 + q**4/24 - q**3/6 + 3138*q**2. Give j(p).
21
Let v be (-8)/5*(-639 - 16). Let y(i) = 1048 - v + 2*i. Determine y(-6).
-12
Let x(l) = l - 3. Suppose 3*t + 521 = 92. Let v be 0 - (t + (-2)/2). Let g be 2/(-14) + v/28. Give x(g).
2
Let u(r) = 3*r**2 + 36*r + 2. Let v(b) = -4*b**2 - 52*b - 2. Let n(w) = -7*u(w) - 5*v(w). What is n(7)?
3
Let z be (2 - 33/15) + (-667)/115. Let h(b) = -b**3 - 5*b**2 + 7*b + 2. Give h(z).
-4
Let s(l) = l - 1. Let n be -1 + (-2)/(-4 - -3). Let p(v) = -8*v**3 + 6*v + 16*v**3 + v**3 - 7. Let b(r) = n*p(r) - 6*s(r). Determine b(1).
8
Let c(k) = 3*k**2 - 1810*k + k**3 + 1805*k - 2*k**2. Determine c(-4).
-28
Let y(x) be the first derivative of -x**4/4 - 5*x**3/3 - x**2/2 + 2*x - 293. Calculate y(-4).
-10
Let y(l) be the third derivative of l**4/8 - l**3/2 - 16*l**2. Determine y(4).
9
Let x(l) be the second derivative of -l**3/2 + l**2 - 4*l. Let v = 22 + -52. Let b = v + 27. What is x(b)?
11
Suppose -3 - 14 = 4*x - 5*t, t = 5. Let r(b) = b**3 + b**2 - b + 3. Let v be r(0). Let k(w) = 1 + 3*w**2 - w**v + 4*w**2 - 6*w**x + w. What is k(0)?
1
Let p(m) be the third derivative of m**6/120 + 2*m**5/15 + m**4/3 - m**3 + 4*m**2 - 29*m. Calculate p(-7).
-13
Suppose 6*d = 23 + 55. Let c(u) = -u - u + 3*u - d*u + 1. Calculate c(-1).
13
Let r(z) = z**3 + 11*z**2 + 9*z + 9. Let h = 741 + -751. Calculate r(h).
19
Suppose 5 = x - 6*x. Let b(d) = -15*d**2 + 16*d + 10. Let y(u) = -u**2 + 3*u + 2. Let h(w) = -b(w) + 5*y(w). Give h(x).
11
Let b(c) = 6*c**3 + 41*c**2 - 35*c + 5. Let l = -1 + 3. Let f(s) = s**3 + 8*s**2 - 7*s + 1. Let a be (10*(-4)/4 + -1)*1. Let w(k) = a*f(k) + l*b(k). Give w(5).
9
Let v(i) = i - 3. Let s be v(-7). Let r = -8 - s. Let q(z) = -z + 14*z**3 + 3*z**r - 6*z**3 - 4*z**2. Give q(-1).
-8
Let x(d) be the second derivative of 5*d - 1/20*d**5 + d**2 + 0 - 1/4*d**4 - 1/6*d**3. What is x(-2)?
0
Let y(w) be the third derivative of -w**4/24 - w**3/3 - 5*w**2. Suppose -3*g - 37 = 3*o - 4, 4*o = -5*g - 42. Let u = 13 + o. Determine y(u).
-2
Let r = -1129 - -1134. Let z(f) be the second derivative of f**3/6 + 3*f**2/2 - 3*f. Determine z(r).
8
Let t = 81 - 80. Let l(q) = -6*q**3 + q**2 - 2*q + 1. Calculate l(t).
-6
Let u be 38/(-6) + 2/6. Let z(g) = 2*g + 35 - g**2 + g - 2*g - 8*g - 43. Give z(u).
-2
Suppose -3*b + 10 - 4 = 0. Let p(n) = -17 - 17 - n**b + 35 - 5*n. Determine p(-5).
1
Let q be (3/6)/((-2)/(-12)). Suppose -q*r - 23 = -5. Let i(p) = -p**2 - 6*p + 7. Give i(r).
7
Let s(d) = d + 1. Let w(h) = -h - 13. Let y(t) = 5*s(t) + w(t). Let p(o) = o**3 + 9*o**2 + 7*o - 1. Let g be p(-8). Determine y(g).
20
Let r(p) = 5*p**2 - 33*p + 39. Let k(y) = -2*y**2 + 11*y - 14. Let f(h) = 8*k(h) + 3*r(h). Give f(-12).
-7
Let z(o) = -4*o - 2. Suppose -8*l - 7 = -4*n - 7*l, 4*l = 4. What is z(n)?
-10
Suppose -3*k + 24 = 2*a + 2, -2*k + 3*a = 7. Let g(h) be the third derivative of 4/3*h**3 - 2*h**2 + 1/60*h**5 + 0*h + 0 - 1/4*h**k. What is g(6)?
8
Let d(g) = -g**3 - 2*g**2 + 12*g + 6. Let w be d(3). Let z(x) = 4*x + 2. Determine z(w).
-10
Let w(k) = k**2 + 2*k - 10. Let y = -224 - -217. Calculate w(y).
25
Let s(l) = l**2 + 12*l + 31. Suppose -947*f + 959*f = -72. Determine s(f).
-5
Let r(b) = -b - 19. Let s be r(-22). Let m(y) = -3*y**3 - 22 + 3*y**3 - y**s + y**2. Calculate m(0).
-22
Let w = 1048 + -1043. Let c(d) be the second derivative of -1/3*d**3 - 1/12*d**4 - 6*d + 1/5*d**w - 1/2*d**2 + 0. What is c(-1)?
-4
Let r(w) = -w**2 - w + 1. Let c(f) = -f**3 + 5*f**2 + 7*f + 8. Let k = 52 + -53. Let o(s) = k*r(s) + c(s). Determine o(7).
14
Let q(c) = -c**2 + 10*c + 9. Suppose 3*f = 5*r + 19, 0 = 8*r - 6*r - 8. What is q(f)?
-30
Let n(c) be the first derivative of c**5/30 + c**3/3 + 3*c - 1. Let k(i) be the first derivative of n(i). Let l(x) be the second derivative of k(x). Give l(-1).
-4
Let c(n) = n**3 - 9*n**2 + 10*n + 4. Let y(x) = -24*x + 32. Let a be y(1). What is c(a)?
20
Let i(p) = -5*p**2 - p. Let r be -9*(-2)/12*42. Suppose -4*w + g - r = 0, 2*w - 3*w = g + 12. Let b = w + 16. What is i(b)?
-6
Suppose -3*k + 43 = -2. Suppose -i - 4*i + 30 = -l, 2*l - k = -5*i. Let r(s) = s**2 + 6*s + 6. What is r(l)?
1
Let h(i) = i + 6. Let w = 7 - 9. Let u be (w/4)/(7/(-28)). Suppose -7*p - 25 = -u*p. Determine h(p).
1
Let r(i) be the second derivative of 0 - 1/12*i**4 - 7*i + 5/2*i**2 - 7/6*i**3. What is r(-4)?
17
Let b(n) = 22*n**2 - n. Let o = 377 - 376. Calculate b(o).
21
Suppose -2*b = 2*b - 12. Let z(c) = -25*c - 12*c + 3 + 35*c. Determine z(b).
-3
Let g(p) = -2*p. Suppose 5*i + 12 = 11*i. What is g(i)?
-4
Suppose 4*l - 20 = 4. Suppose 10 = -f + l. Let s(t) = t**2 + 2*t - 1. Give s(f).
7
Let b(y) = y**2 + 5*y + 2. Let h(g) = -g - 8. Let i be h(-8). Suppose -4*r - 2*l - 44 = i, 3*r + 4*l + 24 + 19 = 0. Let x = r - -6. Determine b(x).
-4
Let s = -10 + 13. Let g(k) = 6*k - 7*k - s + 2*k + 4. Let c be g(-1). Let f(m) = m**2 + 6. Calculate f(c).
6
Suppose 2*r - 5*w - 1 = 0, 2*w = -4 - 2. Let x(z) = z**2 - z + 1. Let o(b) = 2*b**2 - 3*b + 1. Let f(a) = r*x(a) + 4*o(a). Give f(5).
-3
Let k be 308/385*(0 + 5/2). Let l(r) = -1 - 16*r**3 + 14*r**3 + r - 2*r**k - 1. Calculate l(-2).
4
Suppose 2*i + 17 = 25. Let m(k) = -3*k**2 + k - 7. Let a(n) = -2*n**2 + n - 6. Let u(o) = i*a(o) - 3*m(o). What is u(3)?
9
Let x(z) = 2*z**2 - 9211 - 2*z**2 - z**3 - 5*z**2 + 9218 - 2*z + 9*z. Let n be 0 - (1*8 + -2). What is x(n)?
1
Let m(g) be the first derivative of g**4/4 - 2*g**3/3 - 13*g**2/2 - 7*g - 944. Calculate m(5).
3
Let p(w) = -w**2 + 4*w - 9. Suppose -10*t + 40 = -6*t. Let u(y) = -19 - 4*y + t*y + y - 7*y**2 + 4*y**2. Let f(j) = -5*p(j) + 2*u(j). Determine f(-6).
7
Let o(v) be the third derivative of v**6/60 - v**5/60 + v**4/24 + v**3/6 - 61*v**2 + v. Calculate o(-2).
-21
Let i(q) = q + 3. Suppose 0*h + 3*p + 215 = 5*h, h + p - 35 = 0. Suppose -h = 2*v + 4*c, 0 = 7*c - 2*c - 15. Let n be (-22)/(-77) - v/7. Give i(n).
7
Let b(u) = -3*u + 3. Let g = 89 - 79. Suppose g*c + 30 = -0*c. What is b(c)?
12
Let z(v) = 7*v + 12. Let h(y) = 3*y. Let t(u) = -2*h(u) + z(u). What is t(-5)?
7
Let m(q) = -q + 25. Suppose 80 + 18 = 5*f - 4*g, -3*f + 52 = g. What is m(f)?
7
Let f be (1/(15/(-45)))/((-2)/12). Let y(q) = 2*q - 24. What is y(f)?
12
Let p(t) = t**2 + 3*t - 9. Let f(n) be the first derivative of -n**3 - 4*n**2 + 26*n + 10. Let c(w) = 4*f(w) + 11*p(w). Determine c(4).
-7
Suppose -3*m + 4 = 3*v - 20, -3*m = 4*v - 29. Let l(r) = 4*r + 2. What is l(v)?
22
Let l(m) be the third derivative of m**4/24 + 7*m**3/6 + 149*m**2. Determine l(-11).
-4
Let x(k) be the first derivative of -k**2/2 - 11*k - 110. Give x(-11).
0
Let p(k) = 